*u - 3. Let i(p) = -2*h(p) - 11*m(p). Calculate i(-2).
-5
Let f = 9 - 9. Suppose 3*r - 9 + f = 0. Let j(t) = 3*t**r + 2*t**3 - 3*t**3 - t**3. What is j(1)?
1
Let h = -8 + 9. Let r(w) = h - 4 + 8 + 4*w - 2 + w**2. Suppose -6 = 3*s + 9. What is r(s)?
8
Suppose -8*z + 113 = 121. Let m(i) = i**2 + i. Calculate m(z).
0
Let x(g) be the first derivative of g**4/12 - 4*g**3/3 - 17*g - 3. Let a(r) be the first derivative of x(r). Calculate a(7).
-7
Let k(g) = -g - 5. Let z = 482 + -485. Let x be (0 - -1)/((-2)/(-12)). Let w be x/(z*2/6). Calculate k(w).
1
Let d(u) be the first derivative of -1/3*u**3 + 1/2*u**2 + 25 + 8*u. What is d(0)?
8
Let f(y) = -76*y + 155*y - 77*y + 8 + 3*y**2 - 4*y**2. What is f(0)?
8
Let y(f) = -3*f - 165 + 326 - 166. Calculate y(-7).
16
Let k(w) = w + 10*w**3 - 17*w**2 - 14 + 24*w**3 + 25*w**3 - 58*w**3. Determine k(17).
3
Let p be 0*19/76 + 1 + -4. Let j(m) = -3*m**2 - 3*m. Let t(a) = -2*a**2 - 2*a - 1. Let c(i) = 3*j(i) - 4*t(i). Calculate c(p).
-2
Suppose 0 = 3*s + 28 + 8. Let z be (6/(-5))/(s/(-80)). Let p = z - -10. Let b(a) = -a**2 + 3*a - 3. Determine b(p).
-1
Let u(n) be the second derivative of 13*n**5/10 - n**4/12 + n**2/2 + 150*n. Calculate u(1).
26
Let x(i) = -i**3 + 9*i**2 + i + 8. Suppose 22*o - 186 = 12. Determine x(o).
17
Suppose 2*l = 12*z - 13*z + 8, 9*l - 36 = -z. Let a(j) be the third derivative of 6*j**2 + z*j - 2/3*j**3 + 1/60*j**5 - 1/6*j**4 + 0. Give a(6).
8
Let p(l) = -4*l**2 + l + 2. Let v(k) = -7*k**2 - 16*k - 33. Let h(z) = 2*p(z) - v(z). Determine h(19).
18
Let m(u) = -16008*u**2 - 16005*u**2 + 32014*u**2. Suppose t - 5*j = -12, 2*t + 4*j - j = 2. Determine m(t).
4
Let j(t) be the second derivative of -17 + 2*t - 1/12*t**4 - 5/2*t**2 + 4/3*t**3. Determine j(7).
2
Let t = -48 + 24. Let m = t - -19. Let l(c) = -c**3 - 5*c**2 - 2*c. Determine l(m).
10
Let y(h) be the first derivative of -h**2 + 28*h + 435. Determine y(12).
4
Let d(a) = -a**3 - 7*a**2 + 6*a - 2. Let o(h) be the first derivative of h**4/2 + 13*h**3/3 - 11*h**2/2 + 5*h + 35. Let k(t) = 11*d(t) + 6*o(t). Determine k(0).
8
Let a = 5 + -3. Let z(m) = -20*m + 8*m + 6*m - 7*m. Give z(a).
-26
Let k = 1351/6 - 225. Let s(m) be the second derivative of -7*m + k*m**3 - 7/2*m**2 + 0. Determine s(5).
-2
Let r be (-3)/(-9)*-1*-9 + -1. Let j(b) be the first derivative of r + 2*b - 1/2*b**2. What is j(-5)?
7
Let m(f) = f**3 + f**2 + f. Let n(r) be the first derivative of 7*r**4/4 + 16*r**3/3 + 4*r**2 + 15*r - 38. Let a(l) = -6*m(l) + n(l). Give a(-10).
-5
Suppose -4 = -9*k + 5. Let y(t) = -k + t + t**2 - 3*t + 0*t**2 - 2*t**2. Give y(-3).
-4
Let t(n) = 8 + 12*n + 23 - 20*n + 0 + 7*n. What is t(0)?
31
Let o(f) be the first derivative of -f**6/360 + f**5/15 - f**4/24 + 4*f**3 + 15. Let p(k) be the third derivative of o(k). What is p(7)?
6
Let u(y) be the second derivative of y**5/20 + 2*y**4/3 + y**3 + y**2 - 46*y + 3. Determine u(-6).
38
Suppose 7*o - 3104 = 2076. Let d(y) = 4*y**3 - 5*y - 3*y**3 + o*y**2 - 744*y**2 + 6. Determine d(5).
6
Let a(d) = d - d + 0 - 7 + 3*d. Let k be 48/20 - 2 - 99/(-15). Determine a(k).
14
Let j(i) = 15*i**2 + 2*i + 9. Let h(b) = -17*b**2 - 2*b - 13. Let a(w) = -2*h(w) - 3*j(w). Determine a(-2).
-41
Suppose 5*y = -j - 2*j - 24, -3*y = -3*j + 24. Suppose -2*w - 4*a - 1 = -7*a, -4*w + a + 13 = 0. Let c(v) = w*v + 8 - 3 - 3*v. Calculate c(y).
-1
Let p(a) be the third derivative of a**4/8 + 5*a**3/2 + 386*a**2. What is p(-6)?
-3
Let w(y) = y - 6. Let c be w(4). Let j be c - -3*(1 + 0). Let d(a) = 3*a**3 - 1. Determine d(j).
2
Let i(w) = w**3 - 9*w**2 + w + 8. Let j(u) = -u + 31. Let r be j(22). What is i(r)?
17
Let r be -5 - -1 - (0 + 0). Let u(d) be the first derivative of -d**3/3 - 2*d**2 + 4*d - 392. What is u(r)?
4
Let s(h) be the second derivative of -h**4/12 - 2*h**3/3 - 2*h**2 + 2*h. Let x = 5 + 0. Suppose 0*w = -x*w - 25. Give s(w).
-9
Let i be -1 - (0 - 3)*1. Let k(x) = x - 15 + 4*x + x**i + 13. Give k(-3).
-8
Let w(s) = s**2 + 6*s - 7. Let q = -10 + -3. Let h(z) = -3*z + 11. Let l be h(10). Let o = l - q. Give w(o).
-7
Let q(w) = 2*w**2 - 7*w - 1. Let y(f) = -f - 38. Let c be y(-42). Determine q(c).
3
Let s(f) = f**3 + 4*f**2 - 3*f + 1. Let d(z) = 6*z + 62. Let l be d(-10). Suppose 0 = t + l*b + 3, 2*t + 2 + 10 = 2*b. What is s(t)?
-9
Let f = -507 - -500. Let z(a) = a**2 + 9*a + 1. Give z(f).
-13
Let d(a) be the first derivative of 5*a**2 + 6*a - a - 12*a**2 + 10*a**2 + 8. Determine d(-4).
-19
Let i = 777 + -781. Let t(n) = 4*n + 7. What is t(i)?
-9
Let g(b) = -b + 4. Suppose 8*a = -5*u + 4*a + 37, 5*a - 40 = -5*u. Suppose -11 = -u*n + 4. Determine g(n).
1
Suppose 38*i - 48 = -10. Let d(k) = -2*k**3 - 2*k + 1. Give d(i).
-3
Let d = 4 + -2. Let t(v) = 3*v**d - 4*v**2 + 2 + 0*v - 5 - v. Calculate t(0).
-3
Let o(j) = -38*j - 8 + 4 + 39*j. What is o(5)?
1
Let i(z) = -z**3 + 12*z**2 - 8*z + 3. Let s(l) = l**3 - 11*l**2 + 8*l - 2. Let u(o) = -2*i(o) - 3*s(o). What is u(8)?
0
Let g(m) = -m + 2. Let t(r) = r**2 + 13*r - 8. Let v(u) = 6*g(u) + t(u). Give v(-4).
-8
Let g(j) = j + 9. Let i be (-6)/((150/9)/(-5))*-5. What is g(i)?
0
Let z(v) = 7. Let r(h) = -h - 1. Let i(m) = -2*r(m) - z(m). Let l(x) = x**2 + 3*x + 2. Let f be l(-4). Give i(f).
7
Let h(v) = 6*v - 11. Let l = -652 + 655. Determine h(l).
7
Let c(l) = -64299 + 0*l**2 + 64300 + 2*l + l**2. Let u(f) = -f + 1. Let j be u(-1). What is c(j)?
9
Let u(p) = 3*p + 6. Let v(c) = c + 3. Let b(z) = -3*u(z) + 7*v(z). Give b(9).
-15
Let y(v) = -2*v**3 - 5*v**2 - 2*v - 1. Let f(l) = -17*l + 14. Let z be f(1). Calculate y(z).
14
Let u(x) = 4*x**3 + 12*x**2 - 2*x + 10. Let z(a) = 5*a**3 + 14*a**2 - 3*a + 11. Let i(v) = 7*u(v) - 6*z(v). Calculate i(-3).
46
Suppose b - 84 = -3*q, -q - 4*q - b = -138. Suppose -2*x - q + 25 = 0. Let v(u) be the second derivative of u**4/4 - u**2/2 + u. Calculate v(x).
2
Let m(z) be the third derivative of -z**5/20 + 2*z**4/3 - 5*z**3/6 - 81*z**2. Determine m(5).
0
Let o(r) = -r**3 - r - 1. Let j be 3*-3*(-3)/9. Let l = -28 + 30. Suppose 0 = -l*y, 5*y = 3*z + 4*y + j. Determine o(z).
1
Let o(t) = t**2 + t. Let s(l) = -6*l**2 - 8*l. Let j(r) = 5*o(r) + s(r). Let h = -136 + 130. Give j(h).
-18
Let q(a) = -16*a - 3. Let i(b) = -43*b - 2 + 36*b + 0. Let x(h) = -9*i(h) + 4*q(h). What is x(7)?
-1
Suppose 0 = -3*c + 10*c - 28. Let m be 13/c - (-21)/28. Let b(j) be the first derivative of j**3/3 - 3*j**2/2 + 5*j + 1. What is b(m)?
9
Let p(d) = 0*d - 194 + 379 - 194 - 2*d. Determine p(-4).
-1
Let d(x) = -3*x**2 + 4*x - 2. Suppose -3*y = -61 - 17. Let j = -33 + y. Let w(v) = 10*v**2 - 13*v + 5. Let b(u) = j*d(u) - 2*w(u). What is b(5)?
19
Let n(f) = 3*f + 1. Let b(r) = 15*r - 15. Let g(u) = b(u) - 2*n(u). Calculate g(3).
10
Suppose 3*p = -p + 8. Let t(q) = q**3 + 9*q**2 + 1. Let o be t(-9). Let n(z) = -z - o + p + 6 - 5. Determine n(6).
-4
Let n(k) = k**2 + 7*k - 6. Let h(t) = -t**3 + 24*t**2 + 17*t + 194. Let u be h(25). Give n(u).
-12
Let j(t) = -2*t**2 - t - 2. Let u be 0/(2 - 0) + 8. Suppose -u*b = -6*b. Suppose s + b + 2 = 0. Determine j(s).
-8
Let y = 356 - 353. Let i(b) = b**3 - 2*b**2 - 2. Calculate i(y).
7
Let q(k) = 6 + 2*k - 10 + 9. Let f(g) = g**3 + 3*g**2 - 3*g. Let a be f(-4). Determine q(a).
-3
Let h(z) = z**3 + 17*z**2 + 16*z + 4. Let g be h(-16). Let k(b) = b**2 - 6*b + 11. Let i(f) = f**2 - 5*f + 11. Let n(j) = g*k(j) - 5*i(j). Give n(0).
-11
Let s(h) be the third derivative of -h**4/8 - h**3 + 3*h**2. Let k = 3 + 2. Suppose -j - k*q = 31, 0 = 5*j + 8*q - 6*q + 40. Determine s(j).
12
Let k be (-27)/36 - 13/4 - -4. Let h(f) = -f**2 + 31. Give h(k).
31
Let w(m) = -87 + 5*m + 3*m**2 - 5*m - 6*m + 90. Give w(4).
27
Let n be ((-7)/(-6))/(9 - (-53)/(-6)). Let r(i) = -i**3 + 7*i**2 - i + 2. Determine r(n).
-5
Let v(u) = 6 + 8459*u - 8459*u - 4*u**2 - u**3. Determine v(-5).
31
Suppose -105 = -8*r - 7*r. Let k(n) = -3*n**2 + 7*n + 3. Let z(f) = -4*f**2 + 8*f + 3. Let x(u) = 3*k(u) - 2*z(u). Calculate x(r).
-11
Suppose -3*b + 2*b = 2. Let v(k) be the first derivative of -k**4/4 + 2*k**3/3 + k**2 - 2*k - 3. Determine v(b).
10
Let u(w) = w + 10. Let o be u(-7). Let m be (o/6)/((-1)/(-2)). Let x(a) = a + a + 2*a**2 + 0*a**2 - 1. Calculate x(m).
3
Let v(c) be the first derivative of -22 + 14*c + 1/2*c**2. Determine v(0).
14
Let g(s) = -s - 13 - 3*s + 2*s